{"id":219,"date":"2025-11-25T12:30:35","date_gmt":"2025-11-25T12:30:35","guid":{"rendered":"https:\/\/theibusiness.com\/?page_id=219"},"modified":"2025-11-27T09:53:04","modified_gmt":"2025-11-27T09:53:04","slug":"la-meilleure-plateforme-pour-votre-pod-businesse","status":"publish","type":"page","link":"https:\/\/theibusiness.com\/index.php\/la-meilleure-plateforme-pour-votre-pod-businesse\/","title":{"rendered":"La Meilleure Plateforme pour Votre POD Business"},"content":{"rendered":"\n<p><\/p>\n\n\n\n<h2 class=\"has-text-align-center has-medium-font-size\">\ud83d\udd25 Abonnement Creative Fabrica \u2013<\/h2>\n\n\n\n<h2 class=\"has-text-align-center has-medium-font-size\"> La Meilleure Ressource Illimit\u00e9e pour les Designers <\/h2>\n\n\n<div class=\"wp-block-image\">\n<figure class=\"aligncenter size-large\"><a href=\"https:\/\/www.creativefabrica.com\/ref\/436144\/\"><img loading=\"lazy\" width=\"1050\" height=\"510\" src=\"https:\/\/theibusiness.com\/wp-content\/uploads\/2025\/11\/creative-fabrica-PNG-Free-download-1050x510.png\" alt=\"\" class=\"wp-image-272\"\/><\/a><\/figure><\/div>\n\n\n<p class=\"has-text-align-center has-vivid-red-color has-text-color\"><strong>Plus de 12 millions d\u2019assets cr\u00e9atifs<br>Polices, graphismes, crafts, broderies &amp; plus encore<br>Tous avec droits commerciaux complets<\/strong><\/p>\n\n\n\n<p class=\"has-text-align-center\">Boostez votre cr\u00e9ativit\u00e9 et t\u00e9l\u00e9chargez des milliers de ressources premium : polices, illustrations, mod\u00e8les, SVG et bien plus encore gr\u00e2ce \u00e0 un abonnement Creative Fabrica.<\/p>\n\n\n\n<p class=\"has-text-align-center\">Que vous soyez <strong>designer graphique, cr\u00e9ateur digital, artisan ou vendeur POD<\/strong>, Creative Fabrica est l\u2019un des outils les plus puissants dans lesquels vous pouvez investir. Cette plateforme vous donne acc\u00e8s \u00e0 des millions de ressources de haute qualit\u00e9 pour un prix minimal.<\/p>\n\n\n\n<hr class=\"wp-block-separator has-alpha-channel-opacity\"\/>\n\n\n\n<h2 class=\"has-text-align-center\">\u2b50 Qu\u2019est-ce que Creative Fabrica ?<\/h2>\n\n\n\n<p class=\"has-text-align-center\">Creative Fabrica est une marketplace en ligne qui propose des <strong>polices, graphismes, fichiers SVG, templates, pinceaux Procreate, mockups, fichiers craft<\/strong>, et bien plus encore, tous fournis avec une <strong>licence commerciale compl\u00e8te<\/strong>.<\/p>\n\n\n\n<p class=\"has-text-align-center\">C\u2019est une v\u00e9ritable <strong>bo\u00eete \u00e0 outils cr\u00e9ative<\/strong> con\u00e7ue pour les designers qui souhaitent <strong>gagner du temps, am\u00e9liorer la qualit\u00e9 de leurs projets et travailler plus efficacement<\/strong>.<\/p>\n\n\n\n<hr class=\"wp-block-separator has-alpha-channel-opacity\"\/>\n\n\n\n<h2 class=\"has-text-align-center\">\ud83c\udfa8 Pourquoi les designers choisissent Creative Fabrica (Principaux Avantages)<\/h2>\n\n\n\n<h3 class=\"has-text-align-center has-vivid-red-color has-text-color\"><strong>1. T\u00e9l\u00e9chargements illimit\u00e9s de millions de ressources<\/strong><\/h3>\n\n\n\n<p class=\"has-text-align-center\">Acc\u00e9dez \u00e0 une immense biblioth\u00e8que de polices, illustrations, ic\u00f4nes, mod\u00e8les, logos, bundles num\u00e9riques\u2026 \u00e0 utiliser dans tous vos projets.<\/p>\n\n\n\n<h3 class=\"has-text-align-center has-vivid-red-color has-text-color\"><strong>2. Licence commerciale premium incluse<\/strong><\/h3>\n\n\n\n<p class=\"has-text-align-center\"><strong>Utilisez tous les fichiers pour :<\/strong><br>\u2714 vos clients<br>\u2714 le print-on-demand comme merch by amazon<br>\u2714 vos boutiques Etsy<br>\u2714 le branding professionnel<br>\u2714 tous vos projets commerciaux<\/p>\n\n\n\n<h3 class=\"has-text-align-center has-vivid-red-color has-text-color\"><strong>3. Contenu mis \u00e0 jour quotidiennement<\/strong><\/h3>\n\n\n\n<p class=\"has-text-align-center\">De nouvelles polices et ressources graphiques sont ajout\u00e9es chaque jour, vous permettant de rester tendance et comp\u00e9titif.<\/p>\n\n\n\n<h3 class=\"has-text-align-center has-vivid-red-color has-text-color\"><strong>4. Abonnement All-Access abordable<\/strong><\/h3>\n\n\n\n<p class=\"has-text-align-center\">Au lieu d\u2019acheter des fichiers un par un, profitez de <strong>t\u00e9l\u00e9chargements illimit\u00e9s<\/strong> pour un petit prix mensuel.<\/p>\n\n\n\n<h3 class=\"has-text-align-center has-vivid-red-color has-text-color\"><strong>5. Con\u00e7u pour tous les professionnels cr\u00e9atifs<\/strong><\/h3>\n\n\n\n<p class=\"has-text-align-center\">Id\u00e9al pour :<\/p>\n\n\n\n<figure class=\"wp-block-pullquote has-small-font-size\"><blockquote><p>Designers graphiques &amp; branding<\/p><p>Vendeurs POD \/ T-shirt<\/p><p>Boutiques Etsy<\/p><p>Cr\u00e9ateurs Canva<\/p><p>Designers r\u00e9seaux sociaux<\/p><p>Web designers<\/p><p>Artisans &amp; hobbyists<\/p><\/blockquote><\/figure>\n\n\n\n<hr class=\"wp-block-separator has-alpha-channel-opacity\"\/>\n\n\n\n<h2 class=\"has-text-align-center has-white-color has-vivid-green-cyan-background-color has-text-color has-background\">\ud83d\ude80 Ce que vous obtenez avec l\u2019abonnement All-Access Creative Fabrica<\/h2>\n\n\n\n<blockquote class=\"wp-block-quote has-text-align-center\"><p><strong>Polices premium illimit\u00e9es<\/strong><\/p><p><strong>Ressources graphiques illimit\u00e9es<\/strong><\/p><p><strong>SVG, mockups, templates, motifs<\/strong><\/p><p><strong>Pinceaux Procreate &amp; fichiers crafts<\/strong><\/p><p><strong>G\u00e9n\u00e9rateur d\u2019images IA CF Spark<\/strong><\/p><p><strong>Licence commerciale compl\u00e8te<\/strong><\/p><p><strong>Acc\u00e8s 24\/7 \u00e0 toutes les ressources<\/strong><\/p><\/blockquote>\n\n\n\n<p class=\"has-text-align-center has-white-color has-vivid-red-background-color has-text-color has-background\">Un seul abonnement remplace des centaines d\u2019achats et d\u2019outils payants.<\/p>\n\n\n\n<hr class=\"wp-block-separator has-alpha-channel-opacity\"\/>\n\n\n\n<h2 class=\"has-text-align-center\">\ud83d\udd25 Offre Sp\u00e9ciale Creative Fabrica (Temps Limit\u00e9)<\/h2>\n\n\n\n<p class=\"has-text-align-center\">En ce moment, Creative Fabrica propose une <strong>r\u00e9duction exclusive<\/strong> pour les nouveaux abonn\u00e9s.<\/p>\n\n\n\n<p class=\"has-text-align-center has-medium-font-size\">\ud83d\udc49 <strong><a href=\"https:\/\/www.creativefabrica.com\/ref\/436144\/\" title=\"\">Obtenez l\u2019abonnement All-Access Creative Fabrica ici :<\/a><\/strong><\/p>\n\n\n\n<hr class=\"wp-block-separator has-alpha-channel-opacity\"\/>\n\n\n\n<h2 class=\"has-text-align-center\">\u2b50 Commencez votre abonnement Creative Fabrica d\u00e8s aujourd\u2019hui<\/h2>\n\n\n\n<p class=\"has-text-align-center\">Rejoignez des millions de designers qui utilisent Creative Fabrica pour <strong>cr\u00e9er plus vite, mieux, et \u00e0 moindre co\u00fbt<\/strong>.<\/p>\n\n\n\n<p class=\"has-text-align-center has-medium-font-size\">\ud83d\udc49 <strong><a href=\"https:\/\/www.creativefabrica.com\/ref\/436144\/\" title=\"\">Abonnez-vous maintenant et d\u00e9bloquez des ressources cr\u00e9atives illimit\u00e9es :<\/a><\/strong><\/p>\n","protected":false},"excerpt":{"rendered":"<p>\ud83d\udd25 Abonnement Creative Fabrica \u2013 La Meilleure Ressource Illimit\u00e9e pour les Designers Plus de 12 millions d\u2019assets cr\u00e9atifsPolices, graphismes, crafts,&hellip;<\/p>\n","protected":false},"author":1,"featured_media":0,"parent":0,"menu_order":0,"comment_status":"closed","ping_status":"closed","template":"","meta":{"_mo_disable_npp":"","om_disable_all_campaigns":false,"_monsterinsights_skip_tracking":false,"_monsterinsights_sitenote_active":false,"_monsterinsights_sitenote_note":"","_monsterinsights_sitenote_category":0},"aioseo_notices":[],"_links":{"self":[{"href":"https:\/\/theibusiness.com\/index.php\/wp-json\/wp\/v2\/pages\/219"}],"collection":[{"href":"https:\/\/theibusiness.com\/index.php\/wp-json\/wp\/v2\/pages"}],"about":[{"href":"https:\/\/theibusiness.com\/index.php\/wp-json\/wp\/v2\/types\/page"}],"author":[{"embeddable":true,"href":"https:\/\/theibusiness.com\/index.php\/wp-json\/wp\/v2\/users\/1"}],"replies":[{"embeddable":true,"href":"https:\/\/theibusiness.com\/index.php\/wp-json\/wp\/v2\/comments?post=219"}],"version-history":[{"count":3,"href":"https:\/\/theibusiness.com\/index.php\/wp-json\/wp\/v2\/pages\/219\/revisions"}],"predecessor-version":[{"id":273,"href":"https:\/\/theibusiness.com\/index.php\/wp-json\/wp\/v2\/pages\/219\/revisions\/273"}],"wp:attachment":[{"href":"https:\/\/theibusiness.com\/index.php\/wp-json\/wp\/v2\/media?parent=219"}],"curies":[{"name":"wp","href":"https:\/\/api.w.org\/{rel}","templated":true}]}}